vided by 442?
439
What is the remainder when 469 is divided by 75?
19
Calculate the remainder when 3064 is divided by 334.
58
What is the remainder when 4352 is divided by 1353?
293
Calculate the remainder when 239547 is divided by 119.
0
What is the remainder when 936345 is divided by 852?
849
What is the remainder when 68572 is divided by 679?
672
What is the remainder when 16045 is divided by 19?
9
Calculate the remainder when 612 is divided by 58.
32
Calculate the remainder when 4705 is divided by 4580.
125
Calculate the remainder when 872169 is divided by 42.
39
Calculate the remainder when 41343 is divided by 677.
46
What is the remainder when 6149998 is divided by 8?
6
Calculate the remainder when 1109 is divided by 21.
17
What is the remainder when 48461 is divided by 932?
929
What is the remainder when 28155 is divided by 521?
21
What is the remainder when 65323 is divided by 484?
467
What is the remainder when 2235 is divided by 367?
33
What is the remainder when 39108 is divided by 9767?
40
What is the remainder when 252942 is divided by 19?
14
What is the remainder when 215 is divided by 182?
33
What is the remainder when 1723 is divided by 290?
273
Calculate the remainder when 21387 is divided by 31.
28
What is the remainder when 275960 is divided by 112?
104
What is the remainder when 48611 is divided by 12150?
11
Calculate the remainder when 182784 is divided by 2688.
0
Calculate the remainder when 58771 is divided by 19571.
58
Calculate the remainder when 7441 is divided by 1755.
421
Calculate the remainder when 1418 is divided by 409.
191
Calculate the remainder when 1181495 is divided by 6.
5
Calculate the remainder when 6292 is divided by 154.
132
What is the remainder when 9855 is divided by 32?
31
Calculate the remainder when 46418 is divided by 61.
58
Calculate the remainder when 69270 is divided by 1443.
6
Calculate the remainder when 166627 is divided by 28.
27
What is the remainder when 16250 is divided by 5234?
548
Calculate the remainder when 44832 is divided by 127.
1
Calculate the remainder when 2259 is divided by 1981.
278
Calculate the remainder when 178869 is divided by 77.
75
Calculate the remainder when 1223 is divided by 1187.
36
What is the remainder when 5871 is divided by 508?
283
Calculate the remainder when 350313 is divided by 116747.
72
What is the remainder when 2411121 is divided by 27399?
9
Calculate the remainder when 72984 is divided by 151.
51
Calculate the remainder when 119952 is divided by 142.
104
What is the remainder when 16874 is divided by 2812?
2
What is the remainder when 90261 is divided by 7518?
45
What is the remainder when 439391 is divided by 676?
667
What is the remainder when 132733 is divided by 33182?
5
Calculate the remainder when 6198 is divided by 913.
720
Calculate the remainder when 415617 is divided by 1611.
1590
Calculate the remainder when 2093 is divided by 515.
33
Calculate the remainder when 1181 is divided by 562.
57
What is the remainder when 5330 is divided by 206?
180
Calculate the remainder when 71715 is divided by 14329.
70
Calculate the remainder when 5428 is divided by 2178.
1072
Calculate the remainder when 11124 is divided by 30.
24
Calculate the remainder when 1566 is divided by 264.
246
Calculate the remainder when 94038 is divided by 129.
126
What is the remainder when 8644 is divided by 55?
9
What is the remainder when 42838 is divided by 90?
88
Calculate the remainder when 5624 is divided by 5.
4
Calculate the remainder when 179690 is divided by 362.
138
Calculate the remainder when 148841 is divided by 748.
737
What is the remainder when 158002 is divided by 63?
61
What is the remainder when 2840 is divided by 1298?
244
What is the remainder when 154446 is divided by 508?
14
What is the remainder when 6019 is divided by 2517?
985
Calculate the remainder when 373 is divided by 337.
36
What is the remainder when 68243 is divided by 75?
68
Calculate the remainder when 12442 is divided by 3923.
673
Calculate the remainder when 183009 is divided by 35.
29
Calculate the remainder when 70517 is divided by 5.
2
Calculate the remainder when 19936 is divided by 712.
0
What is the remainder when 1374 is divided by 53?
49
What is the remainder when 12231 is divided by 67?
37
Calculate the remainder when 27673 is divided by 170.
133
Calculate the remainder when 2434 is divided by 2375.
59
Calculate the remainder when 14633 is divided by 1219.
5
What is the remainder when 8690 is divided by 4315?
60
Calculate the remainder when 261761 is divided by 13776.
17
Calculate the remainder when 890 is divided by 848.
42
Calculate the remainder when 2102096 is divided by 550.
546
Calculate the remainder when 1530 is divided by 34.
0
What is the remainder when 547733 is divided by 193?
192
Calculate the remainder when 6177 is divided by 262.
151
What is the remainder when 27148 is divided by 19?
16
What is the remainder when 184413 is divided by 242?
9
Calculate the remainder when 1300 is divided by 42.
40
What is the remainder when 1216 is divided by 526?
164
What is the remainder when 2458 is divided by 191?
166
Calculate the remainder when 2823 is divided by 95.
68
What is the remainder when 318617 is divided by 318602?
15
What is the remainder when 141636 is divided by 31?
28
What is the remainder when 26578 is divided by 13250?
78
What is the remainder when 42394 is divided by 17?
13
Calculate the remainder when 744 is divided by 201.
141
What is the remainder when 2207 is divided by 238?
65
Calculate the remainder when 418 is divided by 408.
10
What is the remainder when 24911 is divided by 888?
47
Calculate the remainder when 232556 is divided by 1264.
1244
Calculate the remainder when 211207 is divided by 70398.
13
What is the remainder when 4106 is divided by 397?
136
Calculate the remainder when 65550 is divided by 37.
23
Calculate the remainder when 1070 is divided by 49.
41
Calculate the remainder when 18529 is divided by 18393.
136
What is the remainder when 8794 is divided by 2929?
7
What is the remainder when 2946 is divided by 9?
3
Calculate the remainder when 38477 is divided by 242.
241
What is the remainder when 1353 is divided by 673?
7
Calculate the remainder when 3567 is divided by 3503.
64
What is the remainder when 615949 is divided by 87991?
12
Calculate the remainder when 73178 is divided by 141.
140
What is the remainder when 151135 is divided by 63?
61
What is the remainder when 31765 is divided by 279?
238
Calculate the remainder when 2905 is divided by 57.
55
Calculate the remainder when 25338 is divided by 4223.
0
Calculate the remainder when 70744 is divided by 1056.
1048
What is the remainder when 10869 is divided by 2132?
209
What is the remainder when 93398 is divided by 1906?
4
What is the remainder when 23129748 is divided by 10?
8
Calculate the remainder when 124538 is divided by 22.
18
What is the remainder when 97088 is divided by 95?
93
Calculate the remainder when 4615 is divided by 395.
270
Calculate the remainder when 17075 is divided by 15.
5
What is the remainder when 58226 is divided by 428?
18
Calculate the remainder when 334 is divided by 51.
28
What is the remainder when 1081 is divided by 22?
3
What is the remainder when 62212 is divided by 610?
602
Calculate the remainder when 435281 is divided by 48.
17
What is the remainder when 425775 is divided by 114?
99
Calculate the remainder when 460390 is divided by 162.
148
Calculate the remainder when 289179 is divided by 471.
456
What is the remainder when 95549 is divided by 10616?
5
Calculate the remainder when 27151 is divided by 151.
122
Calculate the remainder when 87748 is divided by 43858.
32
What is the remainder when 3344 is divided by 151?
22
Calculate the remainder when 541769 is divided by 158.
145
Calculate the remainder when 120518 is divided by 172.
118
What is the remainder when 1234 is divided by 12?
10
What is the remainder when 41429 is divided by 357?
17
Calculate the remainder when 492 is divided by 433.
59
Calculate the remainder when 2600300 is divided by 17.
14
Calculate the remainder when 1808 is divided by 345.
83
Calculate the remainder when 1025229 is divided by 208.
205
Calculate the remainder when 500 is divided by 492.
8
What is the remainder 